354?
7
What is the hundreds digit of 87138065?
0
What is the units digit of 3693773345?
5
What is the millions digit of 5573316?
5
What is the hundred thousands digit of 32460990?
4
What is the tens digit of 8010637764?
6
What is the hundred thousands digit of 68829423?
8
What is the hundred thousands digit of 43043170?
0
What is the hundred millions digit of 3956866738?
9
What is the thousands digit of 1193154978?
4
What is the ten thousands digit of 704213766?
1
What is the hundreds digit of 9464840?
8
What is the tens digit of 8534584?
8
What is the millions digit of 294980159?
4
What is the ten thousands digit of 2330027035?
2
What is the hundred thousands digit of 928796067?
7
What is the thousands digit of 1393888637?
8
What is the tens digit of 790215550?
5
What is the tens digit of 578093338?
3
What is the hundreds digit of 9657158?
1
What is the tens digit of 91870969?
6
What is the thousands digit of 91859155?
9
What is the hundreds digit of 169412887?
8
What is the millions digit of 35509394?
5
What is the hundred thousands digit of 397043928?
0
What is the ten thousands digit of 581045990?
4
What is the ten thousands digit of 9073781?
7
What is the units digit of 393893151?
1
What is the hundred millions digit of 115854887?
1
What is the hundred millions digit of 760875326?
7
What is the ten millions digit of 430071949?
3
What is the hundred thousands digit of 68178398?
1
What is the units digit of 43285834?
4
What is the hundred thousands digit of 262674742?
6
What is the units digit of 1534852153?
3
What is the units digit of 47168218?
8
What is the units digit of 81677150?
0
What is the millions digit of 853095307?
3
What is the hundreds digit of 2172038248?
2
What is the millions digit of 147706417?
7
What is the millions digit of 130475556?
0
What is the millions digit of 29503846?
9
What is the hundreds digit of 316401538?
5
What is the ten millions digit of 613541112?
1
What is the ten thousands digit of 35448127?
4
What is the ten millions digit of 1031338708?
3
What is the units digit of 684836159?
9
What is the hundred thousands digit of 324498629?
4
What is the millions digit of 3174010872?
4
What is the ten thousands digit of 9098069137?
6
What is the hundreds digit of 1787365094?
0
What is the ten millions digit of 376193063?
7
What is the hundreds digit of 1966225879?
8
What is the units digit of 326873434?
4
What is the ten millions digit of 76073315?
7
What is the hundred thousands digit of 24234716?
2
What is the thousands digit of 43739872?
9
What is the tens digit of 3128818926?
2
What is the billions digit of 2400868531?
2
What is the tens digit of 329518225?
2
What is the ten thousands digit of 439559695?
5
What is the ten millions digit of 502585542?
0
What is the hundred millions digit of 293617141?
2
What is the ten millions digit of 120881703?
2
What is the ten thousands digit of 1278162296?
6
What is the hundred millions digit of 2096479240?
0
What is the millions digit of 1246167766?
6
What is the thousands digit of 186236752?
6
What is the billions digit of 1113171569?
1
What is the tens digit of 182868325?
2
What is the tens digit of 28481150?
5
What is the millions digit of 404164466?
4
What is the millions digit of 1223301464?
3
What is the millions digit of 1222612363?
2
What is the units digit of 115234433?
3
What is the thousands digit of 3624338929?
8
What is the hundred thousands digit of 2323587?
3
What is the millions digit of 464956164?
4
What is the millions digit of 86517222?
6
What is the units digit of 157675313?
3
What is the thousands digit of 614139661?
9
What is the billions digit of 1357424530?
1
What is the hundred thousands digit of 51878737?
8
What is the hundreds digit of 114115703?
7
What is the millions digit of 62521721?
2
What is the units digit of 827947670?
0
What is the thousands digit of 162546882?
6
What is the hundreds digit of 178190406?
4
What is the billions digit of 7744438808?
7
What is the hundred thousands digit of 24305633?
3
What is the tens digit of 71199126?
2
What is the ten millions digit of 47559868?
4
What is the millions digit of 1738070372?
8
What is the hundred millions digit of 337887646?
3
What is the millions digit of 74591822?
4
What is the tens digit of 105031010?
1
What is the ten thousands digit of 41976459?
7
What is the hundred thousands digit of 216583429?
5
What is the ten millions digit of 46768209?
4
What is the ten millions digit of 336374722?
3
What is the thousands digit of 8843612?
3
What is the hundreds digit of 21199163?
1
What is the hundred millions digit of 240166180?
2
What is the hundreds digit of 180237785?
7
What is the thousands digit of 5503678190?
8
What is the hundreds digit of 217458316?
3
What is the ten millions digit of 2863496855?
6
What is the hundred thousands digit of 5593396476?
3
What is the hundred thousands digit of 71804450?
8
What is the hundred millions digit of 212722934?
2
What is the ten millions digit of 62287681?
6
What is the tens digit of 1374015147?
4
What is the units digit of 735430375?
5
What is the tens digit of 153296408?
0
What is the hundred thousands digit of 101230368?
2
What is the millions digit of 692775114?
2
What is the ten millions digit of 202003555?
0
What is the hundred millions digit of 845087510?
8
What is the hundred thousands digit of 153527184?
5
What is the ten thousands digit of 1096077721?
7
What is the billions digit of 8972981086?
8
What is the thousands digit of 112055679?
5
What is the hundreds digit of 624469348?
3
What is the tens digit of 157090669?
6
What is the hundred thousands digit of 148613400?
6
What is the hundreds digit of 1072701026?
0
What is the ten millions digit of 129700319?
2
What is the tens digit of 7017909144?
4
What is the ten millions digit of 644084598?
4
What is the tens digit of 224444740?
4
What is the hundred thousands digit of 829109645?
1
What is the tens digit of 550801502?
0
What is the hundred millions digit of 1050530617?
0
What is the tens digit of 3178496261?
6
What is the hundreds digit of 78495436?
4
What is the ten thousands digit of 31818327?
1
What is the ten thousands digit of 367411609?
1
What is the tens digit of 2465382997?
9
What is the thousands digit of 56108022?
8
What is the hundred thousands digit of 13411414?
4
What is the thousands digit of 83884409?
4
What is the units digit of 515402920?
0
What is the hundreds digit of 165638762?
7
What is the hundred millions digit of 531610362?
5
What is the units digit of 147104834?
4
What is the thousands digit of 12542657?
2
What is the ten millions digit of 172993341?
7
What is the ten thousands digit of 513105857?
0
What is the ten thousands digit of 1205303?
0
What is the millions digit of 183985016?
3
What is the thousands digit of 16173643?
3
What is the ten millions digit of 158340611?
5
What is the thousands digit of 19517038?
7
What is the ten thousands digit of 101796963?
9
What is the ten thousands digit of 239213767?
1
What is the thousands digit of 656500795?
0
What is the millions digit of 2310079504?
0
What is the units digit of 1036892041?
1
What is the millions digit of 1447719675?
7
What is the hundred thousands digit of 1840987154?
9
What is the tens digit of 17052027?
2
What is the thousands digit of 145224305?
4
What is the units digit of 1255238271?
1
What is the hundreds digit of 8660249?
2
What is the ten millions digit of 80246365?
8
What is the ten millions digit of 24866770?
2
What is the ten thousands digit of 216536223?
3
What is the hundred thousands digit of 184165949?
1
What is the ten thousands digit of 3822464533?
6
What is the hundreds digit of 214919458?
4
What is the units digit of 42116945?
5
What is the hundred thousands digit of 2859444362?
4
What is the thousands digit of 1115329397?
9
What is the billions digit of 1047814509?
1
What is the hundreds digit of 562270769?
7
What is the hundred millions digit of 132341637?
1
What is the thousands digit of 1756037926?
7
What is the units digit of 91272926?
6
What is the thousands digit of 5125965345?
5
What is the units digit of 74829091?
1
What is the tens digit of 1773588910?
1
What is the hundreds digit of 40076043?
0
What is the units digit of 1200573112?
2
What is the hundreds digit o